rime number?
False
Is 299897569 a composite number?
False
Is 1321400131 a prime number?
True
Is 2152246727 a prime number?
False
Is 1449728269 a prime number?
False
Is 31650710081 a prime number?
False
Is 13255097461 a prime number?
False
Is 2053285771 a prime number?
True
Is 13244127199 a composite number?
True
Is 63222643699 a composite number?
True
Is 70798919 composite?
False
Is 2829298469 a composite number?
True
Is 128101820099 a prime number?
False
Is 15088677053 composite?
True
Is 7044652063 a prime number?
False
Is 5279525099 prime?
True
Is 57508651921 a prime number?
False
Is 588680957 a composite number?
False
Is 16158807523 a prime number?
True
Is 3125183473 prime?
False
Is 24937853 composite?
False
Is 128759161 prime?
True
Is 1215703763 composite?
False
Is 10417528561 composite?
True
Is 1590924263 a composite number?
True
Is 367769723 composite?
False
Is 2196939413 composite?
False
Is 913510841 composite?
True
Is 1055213069 a composite number?
True
Is 51143016217 a composite number?
True
Is 89646703 a prime number?
True
Is 2101197229 a composite number?
True
Is 193544539 composite?
False
Is 22433548301 a composite number?
False
Is 264249537865 a composite number?
True
Is 9469747823 a prime number?
True
Is 2737748737 composite?
True
Is 2298573133 composite?
False
Is 39040327 composite?
True
Is 82532671237 a composite number?
True
Is 1366609367 prime?
True
Is 32659425663 composite?
True
Is 245873487877 prime?
True
Is 3134673329 a composite number?
False
Is 6076402169 prime?
False
Is 6895631 a prime number?
False
Is 399021082 prime?
False
Is 83119806377 prime?
False
Is 7729841659 prime?
False
Is 34790064961 a prime number?
True
Is 2944659191 a prime number?
True
Is 240683879 a prime number?
True
Is 22296675677 a prime number?
True
Is 3431956741 prime?
False
Is 773731447 a prime number?
True
Is 317666827 a composite number?
True
Is 257033948509 prime?
False
Is 2022448291 composite?
True
Is 125530637 a composite number?
False
Is 6384209791 composite?
False
Is 210667627 prime?
True
Is 2819030107 a prime number?
True
Is 38139027127 a prime number?
False
Is 351753089 prime?
True
Is 4874981779 a composite number?
False
Is 8882859521 a composite number?
False
Is 139340309 a prime number?
True
Is 29033454943 composite?
True
Is 17126436139 a prime number?
True
Is 8162817653 prime?
True
Is 92292973 a prime number?
False
Is 14792334827 composite?
False
Is 40841980255 composite?
True
Is 4420635563 a composite number?
False
Is 267374567687 prime?
False
Is 12943750933 composite?
True
Is 3150421709 prime?
True
Is 272925967999 prime?
True
Is 2045851259 composite?
False
Is 207913769 a prime number?
False
Is 19157195539 a composite number?
False
Is 1116667897 composite?
True
Is 21343323451 a composite number?
True
Is 2790606017 prime?
True
Is 5389701143 a prime number?
True
Is 14339282107 a prime number?
True
Is 15171144635 a prime number?
False
Is 28379589671 composite?
True
Is 2952937313 composite?
True
Is 23680612591 a composite number?
False
Is 877447717 a prime number?
False
Is 21707266723 a prime number?
True
Is 4153700233 a composite number?
False
Is 70769627459 composite?
False
Is 80511776197 prime?
True
Is 2759856059 a prime number?
True
Is 18696765253 a prime number?
True
Is 805667767 a prime number?
True
Is 1821519521 a composite number?
False
Is 3178184257 prime?
True
Is 6081152591 prime?
False
Is 16206881039 prime?
True
Is 679691491 a prime number?
False
Is 168767117 a composite number?
False
Is 234726787 prime?
True
Is 86964081473 composite?
False
Is 26441758597 a composite number?
False
Is 5430780181 composite?
True
Is 1554497207 a composite number?
False
Is 9212221 a prime number?
False
Is 2840719135 a composite number?
True
Is 3785072719 prime?
True
Is 3106500541 a prime number?
True
Is 32219861533 composite?
False
Is 9315011203 prime?
False
Is 7352171 composite?
True
Is 61097151937 a prime number?
False
Is 18421189 a composite number?
True
Is 2954591459 a composite number?
True
Is 42471671533 composite?
True
Is 6487404437 a composite number?
False
Is 2104974217 composite?
False
Is 2319135997 prime?
True
Is 517059731 a composite number?
False
Is 892756483 prime?
True
Is 16207973929 composite?
True
Is 598251151 a composite number?
True
Is 524288567 a composite number?
True
Is 24120292258 a prime number?
False
Is 8510869751 a composite number?
False
Is 864438413 prime?
True
Is 383135113 a prime number?
False
Is 57762833 a prime number?
True
Is 2470409857 prime?
False
Is 48287389 prime?
True
Is 7070278871 a prime number?
False
Is 1478886491 a composite number?
True
Is 160165945631 a composite number?
True
Is 11118972751 a composite number?
False
Is 52085607089 composite?
False
Is 15432628151 composite?
False
Is 8377948181 composite?
True
Is 9271175345 a composite number?
True
Is 813949121 a composite number?
False
Is 22558560547 a prime number?
False
Is 16182792409 a prime number?
False
Is 14671753 a composite number?
False
Is 151636003 composite?
False
Is 15393631433 a prime number?
False
Is 2976828313 prime?
True
Is 28034436233 composite?
False
Is 483584513 composite?
False
Is 1241279629 prime?
False
Is 3509774869 a prime number?
False
Is 12229984595 a prime number?
False
Is 2457416629 prime?
False
Is 2208497089 a prime number?
True
Is 4683922073 a prime number?
False
Is 42464506847 a composite number?
True
Is 158381953 a composite number?
False
Is 315257399 composite?
False
Is 30570348239 prime?
True
Is 1445545678 composite?
True
Is 185976866321 a prime number?
True
Is 19071241403 composite?
True
Is 687596257253 a prime number?
True
Is 125107517 a composite number?
False
Is 49416181943 prime?
False
Is 9364391051 prime?
False
Is 67793134457 composite?
True
Is 138121161671 prime?
True
Is 6548667329 prime?
True
Is 41482196893 a prime number?
False
Is 15342923927 composite?
True
Is 13428919249 a composite number?
True
Is 819781909 a prime number?
False
Is 284995069 a prime number?
True
Is 1789366549 a composite number?
True
Is 1729152059 prime?
False
Is 2868858347 a composite number?
True
Is 51515509 composite?
False
Is 39920209001 a composite number?
False
Is 47757203467 a prime number?
True
Is 149997779 a prime number?
True
Is 2359471199 a prime number?
True
Is 166571665223 a composite number?
False
Is 5060472319 a composite number?
True
Is 24988450607 a composite number?
True
Is 1496572531 a prime number?
True
Is 1446115637 composite?
True
Is 87515100677 prime?
False
Is 253481813 a prime number?
False
Is 53648451629 a prime number?
True
Is 140306035127 prime?
True
Is 24839483257 a composite number?
False
Is 818730229 a composite number?
False
Is 63169729009 a composite number?
False
Is 171941129 composite?
False
Is 133618117 a composite number?
True
Is 1195262953 prime?
False
Is 13626562187 a composite number?
True
Is 193385979847 prime?
True
Is 1377524371 a composite number?
False
Is 1669035101 composite?
False
Is 14844887789 composite?
False
Is 46484244505 prime?
False
Is 23538410717 composite?
True
Is 7154599453 a composite number?
True
Is 3309508221 a prime number?
False
Is 124332817 a prime number?
False
Is 93745986571 a composite number?
True
Is 718905179 prime?
True
Is 27643498403 prime?
True
Is 1453143337 prime?
True
Is 66400501711 prime?
True
Is 21309108919 prime?
False
Is 794262577 composite?
False
Is 2226981761 composite?
False
Is 439362167 composite?
False
Is 5424061073 a composite number?
False
Is 1903645957 prime?
True
Is 2071716631 prime?
True
Is 18174281 composite?
False
Is 357405739 a prime number?
False
Is 19680769 a prime number?
True
Is 417763603 a prime number?
True
Is 18721393027 prime?
False
Is 1845356833 prime?
False
Is 9287324329 a prime number?
True
Is 6025771877 a prime number?
False
Is 1933821257 a composite number?
False
Is 5637062393 a prime number?
True
Is 54384152453 prime?
False
Is 50369084773 a prime number?
False
Is 41544141871 a prime number?
False
Is 227211609 prime?
False
Is 1135441451 composite?
True
Is 134661869 prime?
False
Is 5025579647 prime?
False
Is 19064532313 a composite number?
True
Is 67351667 prime?
True
Is 417404441 a prime number?
True
Is 1700743489 composite?
False
Is 3032623103 composite?
False
Is 590425799 prime?
True
Is 45502648631 a composite number?
True
Is 2780859139 compo